{"id":964,"date":"2022-03-01T10:56:05","date_gmt":"2022-03-01T09:56:05","guid":{"rendered":"https:\/\/utr-cfdt-lille.fr\/?page_id=964"},"modified":"2023-03-29T19:38:06","modified_gmt":"2023-03-29T17:38:06","slug":"nouscontacter","status":"publish","type":"page","link":"https:\/\/utr-cfdt-lille.fr\/index.php\/nouscontacter\/","title":{"rendered":"Contact"},"content":{"rendered":"<p><strong>Nous rejoindre<\/strong> : en demandant votre transfert si vous \u00eates d\u00e9j\u00e0 salari\u00e9 adh\u00e9rent \u00e0 la CFDT et que vous passez \u00e0 la retraite. Sinon vous pouvez toujours rejoindre notre union de retrait\u00e9s CFDT de la m\u00e9tropole lilloise en remplissant ce <a href=\"https:\/\/utr-cfdt-lille.fr\/wp-content\/uploads\/2023\/03\/bulletin-dadhesion-et-mandat-sepa.pdf\">bulletin<\/a> et en le renvoyant \u00e0 l&rsquo;adresse ci-dessous.<\/p>\n<p><strong>Union Territoriale des Retrait\u00e9s CFDT M\u00e9tropole Lilloise<\/strong> : 254 Bd de l&rsquo;Usine 59000-Lille, UTR CFDT <a href=\"mailto:metropolelilloise@retraites.cfdt.fr\">metropolelilloise@retraites.cfdt.fr<\/a><\/p>\n<p><strong>Union Locale des retrait\u00e9s d\u2019Armenti\u00e8res<\/strong> : <a href=\"mailto:ulr.cfdt.armentieres@gmail.com\">ulr.cfdt.armentieres@gmail.com<\/a><\/p>\n<p><strong>Union Locale des retrait\u00e9s de Lille<\/strong> : tel :\u00a0 03 20 88 73 11, mail : <a href=\"mailto:retraiteslille@cfdt-metropolelilloise.fr\">retraiteslille@cfdt-metropolelilloise.fr<\/a> Adresse postale : CFDT ULR de Lille, Bd de l&rsquo;Usine, 59800 Lille<\/p>\n<p><strong>Union Locale des retrait\u00e9s de Roubaix<\/strong> : permanence<\/p>\n<p><strong>Union Locale des retrait\u00e9s de Tourcoing<\/strong> : permanence salari\u00e9s et retrait\u00e9s : le mercredi matin de 9H30 \u00e0 11h30 Pour rendez-vous : <a href=\"mailto:cfdt-ulrtg@laposte.net\">cfdt-ulrtg@laposte.net<\/a> Pour information : 06 41 09 91 24<\/p>\n<p>P.S : pour des questions de mobilit\u00e9, le mercredi les permanences auront lieu au rez-de-chauss\u00e9e.<\/p>\n<p><strong>Union Locale des retrait\u00e9s Val de Lys<\/strong> : <a href=\"mailto:valleedelalyscfdtretraites@gmail.com\">valleedelalyscfdtretraites@gmail.com<\/a><\/p>\n<p><strong>\u00a0Section Syndicale de Retrait\u00e9s S3C (culture, communication et conseil)<\/strong> <a href=\"mailto:cfdt.s3c.5962.retraites@orange.fr\">cfdt.s3c.5962.retraites@orange.fr<\/a><\/p>\n<p><strong>\u00a0Section Syndicale de Retrait\u00e9s<\/strong> <strong>FGTE (transport et \u00e9quipement) <\/strong><a href=\"mailto:retraitesfgtecfdt5962@live.fr\">retraitesfgtecfdt5962@live.fr<\/a><\/p>\n","protected":false},"excerpt":{"rendered":"<p>Nous rejoindre : en demandant votre transfert si vous \u00eates d\u00e9j\u00e0 salari\u00e9 adh\u00e9rent \u00e0 la CFDT et que vous passez \u00e0 la retraite. Sinon vous pouvez toujours rejoindre notre union [&hellip;]<\/p>\n","protected":false},"author":15,"featured_media":0,"parent":0,"menu_order":0,"comment_status":"closed","ping_status":"closed","template":"","meta":{"footnotes":"","_links_to":"","_links_to_target":""},"class_list":["post-964","page","type-page","status-publish","hentry"],"_links":{"self":[{"href":"https:\/\/utr-cfdt-lille.fr\/index.php\/wp-json\/wp\/v2\/pages\/964","targetHints":{"allow":["GET"]}}],"collection":[{"href":"https:\/\/utr-cfdt-lille.fr\/index.php\/wp-json\/wp\/v2\/pages"}],"about":[{"href":"https:\/\/utr-cfdt-lille.fr\/index.php\/wp-json\/wp\/v2\/types\/page"}],"author":[{"embeddable":true,"href":"https:\/\/utr-cfdt-lille.fr\/index.php\/wp-json\/wp\/v2\/users\/15"}],"replies":[{"embeddable":true,"href":"https:\/\/utr-cfdt-lille.fr\/index.php\/wp-json\/wp\/v2\/comments?post=964"}],"version-history":[{"count":10,"href":"https:\/\/utr-cfdt-lille.fr\/index.php\/wp-json\/wp\/v2\/pages\/964\/revisions"}],"predecessor-version":[{"id":1326,"href":"https:\/\/utr-cfdt-lille.fr\/index.php\/wp-json\/wp\/v2\/pages\/964\/revisions\/1326"}],"wp:attachment":[{"href":"https:\/\/utr-cfdt-lille.fr\/index.php\/wp-json\/wp\/v2\/media?parent=964"}],"curies":[{"name":"wp","href":"https:\/\/api.w.org\/{rel}","templated":true}]}}