{"id":457,"date":"2020-11-23T13:14:50","date_gmt":"2020-11-23T12:14:50","guid":{"rendered":"http:\/\/utr-cfdt-lille.fr\/?page_id=457"},"modified":"2025-05-20T08:52:17","modified_gmt":"2025-05-20T06:52:17","slug":"cvs","status":"publish","type":"page","link":"https:\/\/utr-cfdt-lille.fr\/index.php\/cvs\/","title":{"rendered":"CVS"},"content":{"rendered":"<p><strong>RENCONTRE DU RESEAU C.V.S. ET INTER C.V.S. LE 13 MAI 2025 A PARIS, ORGANIS\u00c9E PAR L\u2019U.C.R.<\/strong><\/p>\n<p>30 militants, repr\u00e9sentants des C.V.S., des inter C.V.S., des C.D.C.A. de toute la France, participaient, dont trois pour notre UTR\u00a0: <img fetchpriority=\"high\" decoding=\"async\" class=\"size-medium wp-image-2502 alignright\" src=\"https:\/\/utr-cfdt-lille.fr\/wp-content\/uploads\/2025\/05\/6477227835621299036-300x226.jpg\" alt=\"\" width=\"300\" height=\"226\" srcset=\"https:\/\/utr-cfdt-lille.fr\/wp-content\/uploads\/2025\/05\/6477227835621299036-300x226.jpg 300w, https:\/\/utr-cfdt-lille.fr\/wp-content\/uploads\/2025\/05\/6477227835621299036-768x578.jpg 768w, https:\/\/utr-cfdt-lille.fr\/wp-content\/uploads\/2025\/05\/6477227835621299036.jpg 800w\" sizes=\"(max-width: 300px) 100vw, 300px\" \/>Christian BARAZUTTI, Jacques BOUCHE et Marcel MARCHAND pour l\u2019inter C.V.S. 59.<\/p>\n<p>Les objectifs de cette journ\u00e9e\u00a0:<\/p>\n<ul>\n<li>Conna\u00eetre l\u2019\u00e9volution des C.V.S. et inter C.V.S. et des projets de la CFDT Retrait\u00e9s<\/li>\n<li>Echanger sur les actions mises en place, sur les bonnes pratiques et les outils pour la mise en place et l\u2019animation d\u2019un r\u00e9seau inter C.V.S.<\/li>\n<\/ul>\n<p>La suite <a href=\"https:\/\/utr-cfdt-lille.fr\/wp-content\/uploads\/2025\/05\/INTER-C.V.S.-UCR-ARTICLE-M-MARCHAND.pdf\">ici<\/a> du compte-rendu r\u00e9dig\u00e9 par Marcel Marchand qui repr\u00e9sente notre UTR dans l&rsquo;INTER CVS 59 (voir ci-apr\u00e8s).<\/p>\n<p><strong>L&rsquo;INTER CVS 59 existe depuis maintenant deux ans<\/strong>. Notre UTR en est adh\u00e9rente et invite ceux qui le souhaiteraient \u00e0 y adh\u00e9rer.<\/p>\n<p>Bulletin d&rsquo;adh\u00e9sion : <a href=\"https:\/\/utr-cfdt-lille.fr\/wp-content\/uploads\/2024\/12\/Bulletin-dadhesion-1.pdf\">Bulletin d&rsquo;adhe\u0301sion-1<\/a><\/p>\n<p>Comprendre les CVS : <a href=\"https:\/\/utr-cfdt-lille.fr\/wp-content\/uploads\/2024\/12\/depliant-InterCVS.pdf\">d\u00e9pliant InterCVS<\/a><\/p>\n<p>Existant de mani\u00e8re informelle depuis plusieurs ann\u00e9es, l&rsquo;INTER CVS 5<a href=\"https:\/\/utr-cfdt-lille.fr\/wp-content\/uploads\/2024\/12\/depliant-InterCVS.pdf\">d\u00e9pliant InterCVS<\/a>9 s&rsquo;est constitu\u00e9 en association le 17 f\u00e9vrier 2022. L&rsquo;UTR CFDT M\u00e9tropole Lilloise est une des 4 associations constitutives de la nouvelle association. Quelques extraits de l&rsquo;article de la VDN : \u00ab\u00a0<em>D\u2019abord r\u00e9unies en collectif et forts de leur pluralit\u00e9, les quatre associations\u00a0: CFDT Retrait\u00e9s M\u00e9tropole Lilloise\u00a0\u00bb (Jacques Bouche et Christian Barazutti), AFAD\u00a059 (Fran\u00e7oise Gobled), Roubaix Alzheimer (Rog\u00e8re Duquenne) et Culture et Biblioth\u00e8que pour Tous (Dominique Dupont) veulent mutualiser leurs comp\u00e9tences et leurs expertises pour <strong>lutter contre l\u2019isolement et l\u2019ignorance des usagers sur leurs droits<\/strong>, sur le fonctionnement des EHPAD et des soins \u00e0 domiciles, accompagner la relation entre professionnels et usagers.\u00a0\u00bb<\/em><\/p>\n<p>La suite &#8230;<\/p>\n<p><a href=\"https:\/\/utr-cfdt-lille.fr\/wp-content\/uploads\/2022\/02\/20220218-La-V-d-N-creation-Inter-CVS-59.pdf\">20220218 La V d N cr\u00e9ation Inter CVS 59<\/a><\/p>\n","protected":false},"excerpt":{"rendered":"<p>RENCONTRE DU RESEAU C.V.S. ET INTER C.V.S. LE 13 MAI 2025 A PARIS, ORGANIS\u00c9E PAR L\u2019U.C.R. 30 militants, repr\u00e9sentants des C.V.S., des inter C.V.S., des C.D.C.A. de toute la France, [&hellip;]<\/p>\n","protected":false},"author":15,"featured_media":0,"parent":0,"menu_order":0,"comment_status":"closed","ping_status":"closed","template":"","meta":{"footnotes":"","_links_to":"","_links_to_target":""},"class_list":["post-457","page","type-page","status-publish","hentry"],"_links":{"self":[{"href":"https:\/\/utr-cfdt-lille.fr\/index.php\/wp-json\/wp\/v2\/pages\/457","targetHints":{"allow":["GET"]}}],"collection":[{"href":"https:\/\/utr-cfdt-lille.fr\/index.php\/wp-json\/wp\/v2\/pages"}],"about":[{"href":"https:\/\/utr-cfdt-lille.fr\/index.php\/wp-json\/wp\/v2\/types\/page"}],"author":[{"embeddable":true,"href":"https:\/\/utr-cfdt-lille.fr\/index.php\/wp-json\/wp\/v2\/users\/15"}],"replies":[{"embeddable":true,"href":"https:\/\/utr-cfdt-lille.fr\/index.php\/wp-json\/wp\/v2\/comments?post=457"}],"version-history":[{"count":6,"href":"https:\/\/utr-cfdt-lille.fr\/index.php\/wp-json\/wp\/v2\/pages\/457\/revisions"}],"predecessor-version":[{"id":2504,"href":"https:\/\/utr-cfdt-lille.fr\/index.php\/wp-json\/wp\/v2\/pages\/457\/revisions\/2504"}],"wp:attachment":[{"href":"https:\/\/utr-cfdt-lille.fr\/index.php\/wp-json\/wp\/v2\/media?parent=457"}],"curies":[{"name":"wp","href":"https:\/\/api.w.org\/{rel}","templated":true}]}}