{"id":398,"date":"2020-11-23T12:00:06","date_gmt":"2020-11-23T11:00:06","guid":{"rendered":"http:\/\/utr-cfdt-lille.fr\/?page_id=398"},"modified":"2023-06-02T14:50:18","modified_gmt":"2023-06-02T12:50:18","slug":"formations","status":"publish","type":"page","link":"https:\/\/utr-cfdt-lille.fr\/index.php\/formations\/","title":{"rendered":"Formations"},"content":{"rendered":"<h4><strong>Commission formation<\/strong><\/h4>\n<p>Le congr\u00e8s de l\u2019UTR du 30 septembre 2021 a act\u00e9 la cr\u00e9ation d\u2019une commission formation au sein de l\u2019UTR\u00a0. Cette commission a \u00e9t\u00e9 mise en place le 16 septembre 2022. Elle est anim\u00e9e par Ma\u00eft\u00e9 DRUELLE, membre du bureau de l\u2019UTR. Elle est compos\u00e9e\u00a0de repr\u00e9sentants des ULR d\u2019Armenti\u00e8res, Lille, Roubaix, Tourcoing et des SSR de l\u2019Enseignement Priv\u00e9 et Communication, Conseil, Culture.<\/p>\n<p>Elle a pour mission d\u2019offrir aux adh\u00e9rents, anciens et nouveaux, une politique de formation avec des enjeux qui allient l\u2019int\u00e9r\u00eat personnel et collectif et d\u2019\u00e9laborer un plan de formation prenant en compte les r\u00e9solutions du dernier congr\u00e8s de l\u2019UTR (action revendicative, information\/communication, d\u00e9veloppement \u2026) et des \u00e9v\u00e8nements pr\u00e9visibles (accompagner l\u2019\u00e9quipe ou les militants d\u00e9j\u00e0 en responsabilit\u00e9, pr\u00e9parer de nouveaux responsables \u2026).<\/p>\n<p>Pour faciliter la mise en \u0153uvre du plan de formation de l\u2019UTR, les membres de la commission iront, d\u00e8s 2023, \u00a0\u00e0 la rencontre des ULR et SSR pour conna\u00eetre leurs besoins en mati\u00e8re de formation pour les ann\u00e9es \u00e0 venir notamment dans l\u2019accompagnement d\u2019\u00e9quipe ou de militants et pr\u00e9parer de nouveaux responsables.<\/p>\n<p>Trois formations seront organis\u00e9es par l\u2019UTR en 2023\u00a0:<\/p>\n<ul>\n<li>Conduire une r\u00e9union<\/li>\n<li>Accueil des nouveaux retrait\u00e9s<\/li>\n<li>Prendre sa place dans la CFDT Retrait\u00e9s<\/li>\n<\/ul>\n<p>Deux demandes de formation ont \u00e9t\u00e9 faites aupr\u00e8s de l\u2019URR\u00a0:<\/p>\n<ul>\n<li>Comment r\u00e9pondre aux questions retraite<\/li>\n<li>Proche aidant et conseil de vie sociale<\/li>\n<\/ul>\n<p>Les dates de ces formations seront communiqu\u00e9es tr\u00e8s prochainement.<\/p>\n<p>Si le sujet de la formation vous int\u00e9resse n\u2019h\u00e9sitez pas \u00e0 vous faire connaitre aupr\u00e8s de votre ULR ou SSR.<\/p>\n<p>Commission du 16 septembre 2022 <a href=\"https:\/\/utr-cfdt-lille.fr\/wp-content\/uploads\/2022\/10\/20220919-compte-rendu-com-form-du-16-septembre.pdf\">20220919 compte rendu com form du 16 septembre<\/a><\/p>\n","protected":false},"excerpt":{"rendered":"<p>Commission formation Le congr\u00e8s de l\u2019UTR du 30 septembre 2021 a act\u00e9 la cr\u00e9ation d\u2019une commission formation au sein de l\u2019UTR\u00a0. Cette commission a \u00e9t\u00e9 mise en place le 16 [&hellip;]<\/p>\n","protected":false},"author":15,"featured_media":0,"parent":0,"menu_order":0,"comment_status":"closed","ping_status":"closed","template":"","meta":{"footnotes":"","_links_to":"","_links_to_target":""},"class_list":["post-398","page","type-page","status-publish","hentry"],"_links":{"self":[{"href":"https:\/\/utr-cfdt-lille.fr\/index.php\/wp-json\/wp\/v2\/pages\/398","targetHints":{"allow":["GET"]}}],"collection":[{"href":"https:\/\/utr-cfdt-lille.fr\/index.php\/wp-json\/wp\/v2\/pages"}],"about":[{"href":"https:\/\/utr-cfdt-lille.fr\/index.php\/wp-json\/wp\/v2\/types\/page"}],"author":[{"embeddable":true,"href":"https:\/\/utr-cfdt-lille.fr\/index.php\/wp-json\/wp\/v2\/users\/15"}],"replies":[{"embeddable":true,"href":"https:\/\/utr-cfdt-lille.fr\/index.php\/wp-json\/wp\/v2\/comments?post=398"}],"version-history":[{"count":6,"href":"https:\/\/utr-cfdt-lille.fr\/index.php\/wp-json\/wp\/v2\/pages\/398\/revisions"}],"predecessor-version":[{"id":1354,"href":"https:\/\/utr-cfdt-lille.fr\/index.php\/wp-json\/wp\/v2\/pages\/398\/revisions\/1354"}],"wp:attachment":[{"href":"https:\/\/utr-cfdt-lille.fr\/index.php\/wp-json\/wp\/v2\/media?parent=398"}],"curies":[{"name":"wp","href":"https:\/\/api.w.org\/{rel}","templated":true}]}}