{"id":1801,"date":"2024-03-04T16:41:18","date_gmt":"2024-03-04T15:41:18","guid":{"rendered":"https:\/\/utr-cfdt-lille.fr\/?page_id=1801"},"modified":"2024-03-09T18:00:51","modified_gmt":"2024-03-09T17:00:51","slug":"conseil-utr-annee-2022-2023","status":"publish","type":"page","link":"https:\/\/utr-cfdt-lille.fr\/index.php\/conseil-utr-annee-2022-2023\/","title":{"rendered":"CONSEIL UTR ANNEE 2022-2023"},"content":{"rendered":"<p>CONSEIL DU 19 SEPTEMBRE 2022<\/p>\n<p><a href=\"https:\/\/utr-cfdt-lille.fr\/wp-content\/uploads\/2024\/03\/2022-09-19-CR-du-conseil-UTR-du-19-septembre-2022.pdf\">2022-09-19 CR du conseil UTR du 19 septembre 2022<\/a><\/p>\n<p><a href=\"https:\/\/utr-cfdt-lille.fr\/wp-content\/uploads\/2024\/03\/20220909-CR-reunion-cion-info-com.pdf\">20220909 CR r\u00e9union cion info com<\/a><\/p>\n<p><a href=\"https:\/\/utr-cfdt-lille.fr\/wp-content\/uploads\/2024\/03\/20220912-calendrier-2023.pdf\">20220912 calendrier 2023<\/a><\/p>\n<p><a href=\"https:\/\/utr-cfdt-lille.fr\/wp-content\/uploads\/2024\/03\/20220919-compte-rendu-com-form-du-16-septembre.pdf\">20220919 compte rendu com form du 16 septembre<\/a><\/p>\n<p><a href=\"https:\/\/utr-cfdt-lille.fr\/wp-content\/uploads\/2024\/03\/20220924-CR-de-la-cion-developpement-du-14-sept-2022.pdf\">20220924 CR de la cion d\u00e9veloppement du 14 sept 2022<\/a><\/p>\n<p><a href=\"https:\/\/utr-cfdt-lille.fr\/wp-content\/uploads\/2024\/03\/NOTE-cloture-2021-conseil.pdf\">NOTE cloture 2021 conseil<\/a><\/p>\n<p>CONSEIL DU 21 NOVEMBRE 2022<\/p>\n<p><a href=\"https:\/\/utr-cfdt-lille.fr\/wp-content\/uploads\/2024\/03\/2022-11-21-ordre-du-jour-du-conseil-du-21-nov-2022.pdf\">2022-11-21 ordre du jour du conseil du 21 nov 2022<\/a><\/p>\n<p><a href=\"https:\/\/utr-cfdt-lille.fr\/wp-content\/uploads\/2024\/03\/2022-11-21-compte-rendu-conseil-UTR-du-21-novembre-2022.pdf\">2022-11-21 compte rendu conseil UTR du 21 novembre 2022<\/a><\/p>\n<p><a href=\"https:\/\/utr-cfdt-lille.fr\/wp-content\/uploads\/2024\/03\/20221108-NOTE-projet-budget-2023-conseil.pdf\">20221108 NOTE projet budget 2023 conseil<\/a><\/p>\n<p><a href=\"https:\/\/utr-cfdt-lille.fr\/wp-content\/uploads\/2024\/03\/articles-au-23112022.pdf\">articles au 23112022<\/a><\/p>\n<p><a href=\"https:\/\/utr-cfdt-lille.fr\/wp-content\/uploads\/2024\/03\/note_frais_2023-projet.odt\">note_frais_2023 projet<\/a><\/p>\n<p><a href=\"https:\/\/utr-cfdt-lille.fr\/wp-content\/uploads\/2024\/03\/Presentation-budget-previsionnel-2023.pdf\">Pr\u00e9sentation budget pr\u00e9visionnel 2023<\/a><\/p>\n<p>CONSEIL DU 30 JANVIER 2023<\/p>\n<p><a href=\"https:\/\/utr-cfdt-lille.fr\/wp-content\/uploads\/2024\/03\/20230118-ordre-du-jour-du-conseil-UTR-du-30-janvier-2023.pdf\">20230118 ordre du jour du conseil UTR du 30 janvier 2023<\/a><\/p>\n<p><a href=\"https:\/\/utr-cfdt-lille.fr\/wp-content\/uploads\/2024\/03\/2023-02-07-CR-DU-CONSEIL-UTR-DU-30-JANVIER-2023.pdf\">2023-02-07 CR DU CONSEIL UTR DU 30 JANVIER 2023<\/a><\/p>\n<p>CONSEIL EXTRAORDINAIRE DU 24 FEVRIER 2023<\/p>\n<p><a href=\"https:\/\/utr-cfdt-lille.fr\/wp-content\/uploads\/2024\/03\/2023-02-24-ODJ.odt\">2023-02-24 ODJ<\/a> <a href=\"https:\/\/utr-cfdt-lille.fr\/wp-content\/uploads\/2024\/03\/20230308-CR-du-conseil-UTR-du-24-fevrier-2023.pdf\">20230308 <\/a><\/p>\n<p><a href=\"https:\/\/utr-cfdt-lille.fr\/wp-content\/uploads\/2024\/03\/20230308-CR-du-conseil-UTR-du-24-fevrier-2023.pdf\">CR du conseil UTR du 24 f\u00e9vrier 2023<\/a><\/p>\n<p><a href=\"https:\/\/utr-cfdt-lille.fr\/wp-content\/uploads\/2024\/03\/tableau-des-amendements.pdf\">tableau des amendements<\/a><\/p>\n<p>CONSEIL DU 13 MARS 2023<\/p>\n<p><a href=\"https:\/\/utr-cfdt-lille.fr\/wp-content\/uploads\/2024\/03\/20230227-ordre-du-jour-du-conseil-du-13-mars.pdf\">20230227 ordre du jour du conseil du 13 mars<\/a><\/p>\n<p><a href=\"https:\/\/utr-cfdt-lille.fr\/wp-content\/uploads\/2024\/03\/2023-03-13-CR-du-CS-du-13-mars-2023.pdf\">2023-03-13 CR du CS du 13 mars 2023<\/a><\/p>\n<p><a href=\"https:\/\/utr-cfdt-lille.fr\/wp-content\/uploads\/2024\/03\/20230217-reprise-de-la-formation-du-conseil-du-20-janvier.pdf\">20230217 reprise de la formation du conseil du 20 janvier<\/a><\/p>\n<p>CONSEIL DU 15 MAI 2023<\/p>\n<p><a href=\"https:\/\/utr-cfdt-lille.fr\/wp-content\/uploads\/2024\/03\/20230503-ordre-du-jour-du-conseil-du-15-mai-2023.pdf\">20230503 ordre du jour du conseil du 15 mai 2023<\/a><\/p>\n<p><a href=\"https:\/\/utr-cfdt-lille.fr\/wp-content\/uploads\/2024\/03\/20230520-CR-du-conseil-UTR-du-15-mai-2023.pdf\">20230520 CR du conseil UTR du 15 mai 2023<\/a><\/p>\n<p><a href=\"https:\/\/utr-cfdt-lille.fr\/wp-content\/uploads\/2024\/03\/20230503-projet-dinvitation-a-lAG-de-mi-mandat-de-lUTR-ML.pdf\">20230503 projet d&rsquo;invitation \u00e0 l&rsquo;AG de mi mandat de l&rsquo;UTR ML<\/a><\/p>\n<p><a href=\"https:\/\/utr-cfdt-lille.fr\/wp-content\/uploads\/2024\/03\/20230519-decisions-prises-par-le-conseil-et-a-etudier-dans-les-sections.pdf\">20230519 d\u00e9cisions prises par le conseil et \u00e0 \u00e9tudier dans les sections<\/a><\/p>\n<p><a href=\"https:\/\/utr-cfdt-lille.fr\/wp-content\/uploads\/2024\/03\/flyer-1er-juin-23-13.pdf\">flyer 1er juin 23 (13)<\/a><\/p>\n<p><a href=\"https:\/\/utr-cfdt-lille.fr\/wp-content\/uploads\/2024\/03\/GT1104-VF.pdf\">GT1104-VF<\/a><\/p>\n<p><a href=\"https:\/\/utr-cfdt-lille.fr\/wp-content\/uploads\/2024\/03\/RDVSyn-2212-Kit_Doc03-SupportQuestion-URR.pdf\">RDVSyn-2212-Kit_Doc03-SupportQuestion-URR<\/a><\/p>\n<p>&nbsp;<\/p>\n<p>&nbsp;<\/p>\n<p>&nbsp;<\/p>\n<p>&nbsp;<\/p>\n<p>&nbsp;<\/p>\n<p>&nbsp;<\/p>\n<p>&nbsp;<\/p>\n","protected":false},"excerpt":{"rendered":"<p>CONSEIL DU 19 SEPTEMBRE 2022 2022-09-19 CR du conseil UTR du 19 septembre 2022 20220909 CR r\u00e9union cion info com 20220912 calendrier 2023 20220919 compte rendu com form du 16 [&hellip;]<\/p>\n","protected":false},"author":14,"featured_media":0,"parent":0,"menu_order":0,"comment_status":"closed","ping_status":"closed","template":"","meta":{"footnotes":"","_links_to":"","_links_to_target":""},"class_list":["post-1801","page","type-page","status-publish","hentry"],"_links":{"self":[{"href":"https:\/\/utr-cfdt-lille.fr\/index.php\/wp-json\/wp\/v2\/pages\/1801","targetHints":{"allow":["GET"]}}],"collection":[{"href":"https:\/\/utr-cfdt-lille.fr\/index.php\/wp-json\/wp\/v2\/pages"}],"about":[{"href":"https:\/\/utr-cfdt-lille.fr\/index.php\/wp-json\/wp\/v2\/types\/page"}],"author":[{"embeddable":true,"href":"https:\/\/utr-cfdt-lille.fr\/index.php\/wp-json\/wp\/v2\/users\/14"}],"replies":[{"embeddable":true,"href":"https:\/\/utr-cfdt-lille.fr\/index.php\/wp-json\/wp\/v2\/comments?post=1801"}],"version-history":[{"count":10,"href":"https:\/\/utr-cfdt-lille.fr\/index.php\/wp-json\/wp\/v2\/pages\/1801\/revisions"}],"predecessor-version":[{"id":1845,"href":"https:\/\/utr-cfdt-lille.fr\/index.php\/wp-json\/wp\/v2\/pages\/1801\/revisions\/1845"}],"wp:attachment":[{"href":"https:\/\/utr-cfdt-lille.fr\/index.php\/wp-json\/wp\/v2\/media?parent=1801"}],"curies":[{"name":"wp","href":"https:\/\/api.w.org\/{rel}","templated":true}]}}

<p>CONSEIL DU 19 SEPTEMBRE 2022</p>
<p><a href="https://utr-cfdt-lille.fr/wp-content/uploads/2024/03/2022-09-19-CR-du-conseil-UTR-du-19-septembre-2022.pdf">2022-09-19 CR du conseil UTR du 19 septembre 2022</a></p>
<p><a href="https://utr-cfdt-lille.fr/wp-content/uploads/2024/03/20220909-CR-reunion-cion-info-com.pdf">20220909 CR réunion cion info com</a></p>
<p><a href="https://utr-cfdt-lille.fr/wp-content/uploads/2024/03/20220912-calendrier-2023.pdf">20220912 calendrier 2023</a></p>
<p><a href="https://utr-cfdt-lille.fr/wp-content/uploads/2024/03/20220919-compte-rendu-com-form-du-16-septembre.pdf">20220919 compte rendu com form du 16 septembre</a></p>
<p><a href="https://utr-cfdt-lille.fr/wp-content/uploads/2024/03/20220924-CR-de-la-cion-developpement-du-14-sept-2022.pdf">20220924 CR de la cion développement du 14 sept 2022</a></p>
<p><a href="https://utr-cfdt-lille.fr/wp-content/uploads/2024/03/NOTE-cloture-2021-conseil.pdf">NOTE cloture 2021 conseil</a></p>
<p>CONSEIL DU 21 NOVEMBRE 2022</p>
<p><a href="https://utr-cfdt-lille.fr/wp-content/uploads/2024/03/2022-11-21-ordre-du-jour-du-conseil-du-21-nov-2022.pdf">2022-11-21 ordre du jour du conseil du 21 nov 2022</a></p>
<p><a href="https://utr-cfdt-lille.fr/wp-content/uploads/2024/03/2022-11-21-compte-rendu-conseil-UTR-du-21-novembre-2022.pdf">2022-11-21 compte rendu conseil UTR du 21 novembre 2022</a></p>
<p><a href="https://utr-cfdt-lille.fr/wp-content/uploads/2024/03/20221108-NOTE-projet-budget-2023-conseil.pdf">20221108 NOTE projet budget 2023 conseil</a></p>
<p><a href="https://utr-cfdt-lille.fr/wp-content/uploads/2024/03/articles-au-23112022.pdf">articles au 23112022</a></p>
<p><a href="https://utr-cfdt-lille.fr/wp-content/uploads/2024/03/note_frais_2023-projet.odt">note_frais_2023 projet</a></p>
<p><a href="https://utr-cfdt-lille.fr/wp-content/uploads/2024/03/Presentation-budget-previsionnel-2023.pdf">Présentation budget prévisionnel 2023</a></p>
<p>CONSEIL DU 30 JANVIER 2023</p>
<p><a href="https://utr-cfdt-lille.fr/wp-content/uploads/2024/03/20230118-ordre-du-jour-du-conseil-UTR-du-30-janvier-2023.pdf">20230118 ordre du jour du conseil UTR du 30 janvier 2023</a></p>
<p><a href="https://utr-cfdt-lille.fr/wp-content/uploads/2024/03/2023-02-07-CR-DU-CONSEIL-UTR-DU-30-JANVIER-2023.pdf">2023-02-07 CR DU CONSEIL UTR DU 30 JANVIER 2023</a></p>
<p>CONSEIL EXTRAORDINAIRE DU 24 FEVRIER 2023</p>
<p><a href="https://utr-cfdt-lille.fr/wp-content/uploads/2024/03/2023-02-24-ODJ.odt">2023-02-24 ODJ</a> <a href="https://utr-cfdt-lille.fr/wp-content/uploads/2024/03/20230308-CR-du-conseil-UTR-du-24-fevrier-2023.pdf">20230308 </a></p>
<p><a href="https://utr-cfdt-lille.fr/wp-content/uploads/2024/03/20230308-CR-du-conseil-UTR-du-24-fevrier-2023.pdf">CR du conseil UTR du 24 février 2023</a></p>
<p><a href="https://utr-cfdt-lille.fr/wp-content/uploads/2024/03/tableau-des-amendements.pdf">tableau des amendements</a></p>
<p>CONSEIL DU 13 MARS 2023</p>
<p><a href="https://utr-cfdt-lille.fr/wp-content/uploads/2024/03/20230227-ordre-du-jour-du-conseil-du-13-mars.pdf">20230227 ordre du jour du conseil du 13 mars</a></p>
<p><a href="https://utr-cfdt-lille.fr/wp-content/uploads/2024/03/2023-03-13-CR-du-CS-du-13-mars-2023.pdf">2023-03-13 CR du CS du 13 mars 2023</a></p>
<p><a href="https://utr-cfdt-lille.fr/wp-content/uploads/2024/03/20230217-reprise-de-la-formation-du-conseil-du-20-janvier.pdf">20230217 reprise de la formation du conseil du 20 janvier</a></p>
<p>CONSEIL DU 15 MAI 2023</p>
<p><a href="https://utr-cfdt-lille.fr/wp-content/uploads/2024/03/20230503-ordre-du-jour-du-conseil-du-15-mai-2023.pdf">20230503 ordre du jour du conseil du 15 mai 2023</a></p>
<p><a href="https://utr-cfdt-lille.fr/wp-content/uploads/2024/03/20230520-CR-du-conseil-UTR-du-15-mai-2023.pdf">20230520 CR du conseil UTR du 15 mai 2023</a></p>
<p><a href="https://utr-cfdt-lille.fr/wp-content/uploads/2024/03/20230503-projet-dinvitation-a-lAG-de-mi-mandat-de-lUTR-ML.pdf">20230503 projet d&rsquo;invitation à l&rsquo;AG de mi mandat de l&rsquo;UTR ML</a></p>
<p><a href="https://utr-cfdt-lille.fr/wp-content/uploads/2024/03/20230519-decisions-prises-par-le-conseil-et-a-etudier-dans-les-sections.pdf">20230519 décisions prises par le conseil et à étudier dans les sections</a></p>
<p><a href="https://utr-cfdt-lille.fr/wp-content/uploads/2024/03/flyer-1er-juin-23-13.pdf">flyer 1er juin 23 (13)</a></p>
<p><a href="https://utr-cfdt-lille.fr/wp-content/uploads/2024/03/GT1104-VF.pdf">GT1104-VF</a></p>
<p><a href="https://utr-cfdt-lille.fr/wp-content/uploads/2024/03/RDVSyn-2212-Kit_Doc03-SupportQuestion-URR.pdf">RDVSyn-2212-Kit_Doc03-SupportQuestion-URR</a></p>
<p>&nbsp;</p>
<p>&nbsp;</p>
<p>&nbsp;</p>
<p>&nbsp;</p>
<p>&nbsp;</p>
<p>&nbsp;</p>
<p>&nbsp;</p>

<p>CONSEIL DU 19 SEPTEMBRE 2022 2022-09-19 CR du conseil UTR du 19 septembre 2022 20220909 CR réunion cion info com 20220912 calendrier 2023 20220919 compte rendu com form du 16 [&hellip;]</p>
